{"id":11,"date":"2025-09-05T10:18:33","date_gmt":"2025-09-05T10:18:33","guid":{"rendered":"https:\/\/www.ilgarlar.com\/index.php\/mesmerize\/"},"modified":"2025-09-05T10:42:46","modified_gmt":"2025-09-05T10:42:46","slug":"mesmerize","status":"publish","type":"page","link":"https:\/\/www.ilgarlar.com\/","title":{"rendered":"Anasayfa"},"content":{"rendered":"<div  data-label=\"About\" data-id=\"about--1\" data-export-id=\"about-9\" data-category=\"about\" class=\"about-9 content-section content-section-spacing\" id=\"about-1\" style=\"background-color: rgb(255, 255, 255);\"><div  class=\"gridContainer\"> <div  class=\"row middle-sm text-center\"><div  class=\"col-sm-5 space-bottom-xs content-column content-right-sm\" data-type=\"column\"> <h5  class=\"\">HO\u015eGELD\u0130N\u0130Z.<\/h5> <h2  class=\"\">Mahallenizin<br > <span  style=\"font-family: Playfair Display,sans-serif; font-weight: 700; font-style: italic;\" href=\"#\">G\u00fcvenilir<\/span> Al\u0131\u015fveri\u015f Noktas\u0131<\/h2> <p  class=\"\">Al\u0131\u015fveri\u015f, sadece temel ihtiya\u00e7lar\u0131n kar\u015f\u0131land\u0131\u011f\u0131 bir faaliyet de\u011fil; ayn\u0131 zamanda g\u00fcven, kalite ve kolayl\u0131k aray\u0131\u015f\u0131d\u0131r. \u0130\u015fte bu anlay\u0131\u015fla yola \u00e7\u0131kan \u0130lgarlar Market, y\u0131llard\u0131r m\u00fc\u015fterilerine en taze \u00fcr\u00fcnleri, en uygun fiyatlarla sunman\u0131n gururunu ya\u015f\u0131yor.\n<br ><br >\n<br >Kalite, Uygun Fiyat ve G\u00fcvenin Bulu\u015fma Noktas\u0131.<\/p> <\/div> <div  class=\"col-sm-7 flexbox flexbox middle-xs center-xs space-bottom-xs\"><div  class=\"overlay-box flexbox middle-xs center-xs overlay-holder \"> <div  class=\"overlay-box-offset offset-background shadow-medium bg-color2 hide-xs\"><\/div> <img  decoding=\"async\" class=\"flexbox shadow-large img1\" src=\"https:\/\/www.ilgarlar.com\/wp-content\/uploads\/2025\/09\/1.jpg\" data-size=\"600x400\" title=\"1\" alt=\"\"><\/div> <\/div><\/div> <\/div><\/div>","protected":false},"excerpt":{"rendered":"<p>HO\u015eGELD\u0130N\u0130Z. Mahallenizin G\u00fcvenilir Al\u0131\u015fveri\u015f Noktas\u0131 Al\u0131\u015fveri\u015f, sadece temel ihtiya\u00e7lar\u0131n kar\u015f\u0131land\u0131\u011f\u0131 bir faaliyet de\u011fil; ayn\u0131 zamanda g\u00fcven, kalite ve kolayl\u0131k aray\u0131\u015f\u0131d\u0131r. \u0130\u015fte bu anlay\u0131\u015fla yola \u00e7\u0131kan \u0130lgarlar Market, y\u0131llard\u0131r m\u00fc\u015fterilerine en taze \u00fcr\u00fcnleri, en uygun fiyatlarla sunman\u0131n gururunu ya\u015f\u0131yor. Kalite, Uygun Fiyat ve G\u00fcvenin Bulu\u015fma Noktas\u0131.<\/p>\n","protected":false},"author":1,"featured_media":0,"parent":0,"menu_order":0,"comment_status":"closed","ping_status":"closed","template":"page-templates\/homepage.php","meta":{"footnotes":""},"class_list":["post-11","page","type-page","status-publish","hentry"],"_links":{"self":[{"href":"https:\/\/www.ilgarlar.com\/index.php\/wp-json\/wp\/v2\/pages\/11","targetHints":{"allow":["GET"]}}],"collection":[{"href":"https:\/\/www.ilgarlar.com\/index.php\/wp-json\/wp\/v2\/pages"}],"about":[{"href":"https:\/\/www.ilgarlar.com\/index.php\/wp-json\/wp\/v2\/types\/page"}],"author":[{"embeddable":true,"href":"https:\/\/www.ilgarlar.com\/index.php\/wp-json\/wp\/v2\/users\/1"}],"replies":[{"embeddable":true,"href":"https:\/\/www.ilgarlar.com\/index.php\/wp-json\/wp\/v2\/comments?post=11"}],"version-history":[{"count":7,"href":"https:\/\/www.ilgarlar.com\/index.php\/wp-json\/wp\/v2\/pages\/11\/revisions"}],"predecessor-version":[{"id":34,"href":"https:\/\/www.ilgarlar.com\/index.php\/wp-json\/wp\/v2\/pages\/11\/revisions\/34"}],"wp:attachment":[{"href":"https:\/\/www.ilgarlar.com\/index.php\/wp-json\/wp\/v2\/media?parent=11"}],"curies":[{"name":"wp","href":"https:\/\/api.w.org\/{rel}","templated":true}]}}